
Calculate the greatest common divisor of 6086 and 1462.
34
What is the greatest common divisor of 457680 and 240?
240
Calculate the greatest common factor of 15314 and 1586.
26
Calculate the highest common divisor of 298 and 591977.
149
Calculate the greatest common divisor of 4400479 and 427.
61
What is the greatest common divisor of 100 and 32020?
20
What is the highest common factor of 58356 and 1116?
36
Calculate the highest common divisor of 15309 and 31.
1
Calculate the highest common factor of 2080 and 5798.
26
Calculate the greatest common factor of 656600 and 1568.
392
Calculate the highest common factor of 1171169 and 2559.
853
What is the greatest common factor of 6356120 and 2096?
1048
What is the highest common divisor of 711 and 2?
1
What is the highest common factor of 32 and 994112?
32
What is the greatest common factor of 17872 and 144?
16
Calculate the greatest common divisor of 52 and 302809.
13
What is the highest common divisor of 212966 and 26?
26
What is the highest common divisor of 244097 and 56?
7
Calculate the greatest common factor of 35 and 3970.
5
What is the greatest common factor of 16716 and 56?
28
What is the greatest common divisor of 1128 and 21?
3
What is the greatest common factor of 12530820 and 15?
15
Calculate the greatest common factor of 16 and 62597.
1
Calculate the greatest common divisor of 178 and 106978.
178
What is the highest common factor of 136 and 2706536?
136
What is the highest common divisor of 9275 and 35?
35
What is the highest common factor of 19328 and 576?
64
What is the greatest common divisor of 6402 and 57?
3
Calculate the greatest common factor of 10 and 58515.
5
What is the greatest common divisor of 2563 and 140033?
233
Calculate the greatest common factor of 170 and 233665.
85
Calculate the greatest common divisor of 117987 and 2348.
587
What is the highest common divisor of 5130 and 3140?
10
Calculate the greatest common factor of 2010 and 5293.
67
Calculate the highest common factor of 2517 and 2.
1
Calculate the highest common divisor of 828 and 58878.
18
What is the highest common factor of 299614 and 28?
14
Calculate the highest common factor of 1030 and 14030.
10
What is the greatest common divisor of 50585 and 8305?
755
Calculate the greatest common factor of 88464 and 1140.
228
What is the greatest common divisor of 48 and 67416?
24
Calculate the greatest common divisor of 158510 and 3630.
1210
Calculate the greatest common factor of 2931 and 81.
3
Calculate the greatest common factor of 2315511 and 38.
19
What is the highest common factor of 181799 and 548?
137
What is the highest common factor of 9536 and 28012?
596
Calculate the highest common divisor of 120 and 20120.
40
Calculate the highest common divisor of 1499171 and 113.
113
Calculate the greatest common factor of 1806 and 1722.
42
Calculate the highest common divisor of 11205 and 46440.
135
Calculate the greatest common factor of 4847 and 7467.
131
Calculate the highest common factor of 53 and 1821133.
53
What is the greatest common factor of 731 and 1955?
17
Calculate the greatest common factor of 4664 and 1378.
106
Calculate the greatest common factor of 55977 and 33699.
141
What is the highest common factor of 581 and 748909?
581
Calculate the greatest common divisor of 92 and 1129162.
46
What is the greatest common factor of 14 and 6986?
14
What is the greatest common factor of 238 and 10080?
14
What is the greatest common divisor of 1 and 4682?
1
What is the highest common factor of 65394 and 2646?
378
What is the greatest common factor of 670411 and 7?
7
Calculate the highest common factor of 45 and 521991.
9
Calculate the highest common divisor of 2740 and 1300.
20
Calculate the greatest common divisor of 36531 and 123.
123
Calculate the greatest common factor of 12 and 406158.
6
What is the greatest common divisor of 1990 and 7750?
10
Calculate the greatest common divisor of 4640 and 14.
2
What is the greatest common divisor of 11430 and 4050?
90
What is the highest common factor of 321 and 1533417?
321
Calculate the greatest common factor of 1624 and 113736.
56
What is the greatest common factor of 432 and 134032?
16
What is the greatest common divisor of 1808891 and 7?
7
What is the highest common divisor of 54 and 393093?
27
Calculate the highest common factor of 5696 and 356.
356
What is the highest common factor of 25029 and 721?
103
Calculate the greatest common factor of 597 and 25671.
597
Calculate the highest common divisor of 71942 and 130.
26
Calculate the highest common factor of 312635 and 1240.
155
Calculate the greatest common divisor of 1386 and 7472619.
693
What is the greatest common divisor of 1888 and 1136?
16
Calculate the greatest common divisor of 192153 and 8619.
507
Calculate the greatest common divisor of 1083032 and 14564.
1324
Calculate the highest common factor of 22477 and 5096.
91
Calculate the highest common divisor of 200315 and 20.
5
What is the greatest common divisor of 33308 and 33?
11
What is the highest common divisor of 9846 and 3?
3
Calculate the greatest common factor of 63 and 93877.
7
Calculate the highest common factor of 9340 and 4640.
20
Calculate the greatest common factor of 20878 and 1752.
146
Calculate the greatest common factor of 36385 and 285.
95
What is the highest common divisor of 120 and 159405?
15
Calculate the highest common divisor of 507654 and 27.
27
What is the greatest common divisor of 13090 and 120890?
770
Calculate the highest common factor of 29260 and 113960.
1540
What is the highest common divisor of 1784954 and 148?
74
Calculate the greatest common divisor of 93 and 2778158.
31
What is the greatest common factor of 3040 and 45?
5
What is the highest common factor of 11259 and 5699?
139
What is the greatest common divisor of 314668 and 3?
1
What is the highest common divisor of 20047500 and 1980?
1980
Calculate the highest common divisor of 178240 and 320.
320
Calculate the highest common factor of 12985 and 735.
245
Calculate the greatest common divisor of 804837 and 319.
319
Calculate the highest common divisor of 3195 and 2040.
15
Calculate the highest common factor of 1780 and 31595.
445
Calculate the greatest common divisor of 301 and 103544.
301
Calculate the highest common divisor of 244 and 5673.
61
Calculate the greatest common divisor of 9464 and 26000.
104
Calculate the greatest common divisor of 210768 and 2688.
48
Calculate the greatest common divisor of 1644 and 324.
12
Calculate the highest common factor of 220 and 6610.
10
Calculate the greatest common divisor of 24442 and 2323.
101
Calculate the greatest common divisor of 918 and 131240.
34
Calculate the greatest common divisor of 110429 and 286.
11
Calculate the highest common factor of 89 and 144803.
89
Calculate the greatest common divisor of 1442016 and 1728.
864
Calculate the greatest common factor of 2925 and 325.
325
Calculate the greatest common factor of 90492 and 876.
12
Calculate the greatest common factor of 1479 and 25317.
87
Calculate the highest common factor of 18815 and 355.
355
Calculate the highest common factor of 220988 and 404.
404
What is the greatest common factor of 192260 and 40?
20
Calculate the highest common factor of 453488 and 77.
7
Calculate the greatest common divisor of 12231 and 4379.
151
What is the greatest common factor of 8509 and 165227?
127
Calculate the highest common factor of 38935 and 1495.
65
What is the highest common divisor of 70 and 2293060?
70
Calculate the highest common divisor of 2250 and 1010.
10
Calculate the greatest common factor of 96 and 1064864.
32
What is the highest common divisor of 21 and 2898?
21
What is the highest common factor of 227776 and 128?
64
Calculate the highest common factor of 24403 and 53050.
1061
What is the greatest common factor of 106758 and 486?
162
What is the greatest common divisor of 816578 and 282?
94
Calculate the highest common factor of 3639272 and 3276.
364
Calculate the greatest common divisor of 2166 and 1482.
114
What is the greatest common divisor of 13957 and 17?
17
What is the highest common divisor of 2607072 and 2496?
1248
What is the greatest common factor of 124621 and 266?
133
Calculate the highest common divisor of 1222 and 1794.
26
Calculate the greates